{"version":"1.0","provider_name":"CPID 09","provider_url":"https:\/\/cpid09.fr\/pages","author_name":"R\u00e9dacteur CPID","author_url":"https:\/\/cpid09.fr\/pages\/index.php\/author\/redacteur\/","title":"Premier atelier de sensibilisation 12 juin 2025 - CPID 09","type":"rich","width":600,"height":338,"html":"<blockquote class=\"wp-embedded-content\"><a href=\"https:\/\/cpid09.fr\/pages\/index.php\/2025\/07\/07\/521\/\">Premier atelier de sensibilisation 12 juin 2025<\/a><\/blockquote>\n<script type='text\/javascript'>\n<!--\/\/--><![CDATA[\/\/><!--\n\t\t\/*! This file is auto-generated *\/\n\t\t!function(d,l){\"use strict\";var e=!1,n=!1;if(l.querySelector)if(d.addEventListener)e=!0;if(d.wp=d.wp||{},!d.wp.receiveEmbedMessage)if(d.wp.receiveEmbedMessage=function(e){var t=e.data;if(t)if(t.secret||t.message||t.value)if(!\/[^a-zA-Z0-9]\/.test(t.secret)){for(var r,i,a,s=l.querySelectorAll('iframe[data-secret=\"'+t.secret+'\"]'),n=l.querySelectorAll('blockquote[data-secret=\"'+t.secret+'\"]'),o=new RegExp(\"^https?:$\",\"i\"),c=0;c<n.length;c++)n[c].style.display=\"none\";for(c=0;c<s.length;c++)if(r=s[c],e.source===r.contentWindow){if(r.removeAttribute(\"style\"),\"height\"===t.message){if(1e3<(a=parseInt(t.value,10)))a=1e3;else if(~~a<200)a=200;r.height=a}if(\"link\"===t.message)if(i=l.createElement(\"a\"),a=l.createElement(\"a\"),i.href=r.getAttribute(\"src\"),a.href=t.value,o.test(a.protocol))if(a.host===i.host)if(l.activeElement===r)d.top.location.href=t.value}}},e)d.addEventListener(\"message\",d.wp.receiveEmbedMessage,!1),l.addEventListener(\"DOMContentLoaded\",t,!1),d.addEventListener(\"load\",t,!1);function t(){if(!n){n=!0;for(var e,t,r=-1!==navigator.appVersion.indexOf(\"MSIE 10\"),i=!!navigator.userAgent.match(\/Trident.*rv:11\\.\/),a=l.querySelectorAll(\"iframe.wp-embedded-content\"),s=0;s<a.length;s++){if(!(e=a[s]).getAttribute(\"data-secret\"))t=Math.random().toString(36).substr(2,10),e.src+=\"#?secret=\"+t,e.setAttribute(\"data-secret\",t);if(r||i)(t=e.cloneNode(!0)).removeAttribute(\"security\"),e.parentNode.replaceChild(t,e)}}}}(window,document);\n\/\/--><!]]>\n<\/script><iframe sandbox=\"allow-scripts\" security=\"restricted\" src=\"https:\/\/cpid09.fr\/pages\/index.php\/2025\/07\/07\/521\/embed\/\" width=\"600\" height=\"338\" title=\"\u00ab\u00a0Premier atelier de sensibilisation 12 juin 2025\u00a0\u00bb &#8212; CPID 09\" frameborder=\"0\" marginwidth=\"0\" marginheight=\"0\" scrolling=\"no\" class=\"wp-embedded-content\"><\/iframe>","thumbnail_url":"https:\/\/cpid09.fr\/pages\/wp-content\/uploads\/images\/Design-sans-titre.png","thumbnail_width":600,"thumbnail_height":600,"description":"&#8220;La pr\u00e9vention, \u00e7a ne s\u2019improvise pas !&#8221; C\u2019est autour de cette conviction partag\u00e9e que s\u2019est tenu le 1er atelier de sensibilisation \u00e0 la pr\u00e9vention de la d\u00e9sinsertion et de l\u2019usure professionnelle, dans les locaux de la mairie de Tarascon-sur-Ari\u00e8ge. Autour de la table :\u2192 des organisations syndicales de salari\u00e9s\u2192 des organisations professionnelles repr\u00e9sentatives\u2192 des entreprises [&hellip;]"}

Rédacteur CPID

&#8220;La prévention, ça ne s’improvise pas !&#8221; C’est autour de cette conviction partagée que s’est tenu le 1er atelier de sensibilisation à la prévention de la désinsertion et de l’usure professionnelle, dans les locaux de la mairie de Tarascon-sur-Ariège. Autour de la table :→ des organisations syndicales de salariés→ des organisations professionnelles représentatives→ des entreprises [&hellip;]
